atest common factor of 75 and 227793?
3
What is the highest common divisor of 22348 and 17606080?
148
Calculate the greatest common factor of 456 and 72754572.
228
Calculate the highest common factor of 36 and 340137252.
36
Calculate the greatest common divisor of 111925 and 822800.
3025
Calculate the greatest common factor of 217565 and 79637.
821
What is the highest common divisor of 84 and 32481582?
42
Calculate the highest common divisor of 178180859 and 85.
17
What is the greatest common divisor of 1329 and 57724672?
443
What is the highest common factor of 8672 and 349286480?
4336
Calculate the highest common divisor of 25449 and 105342393.
1497
What is the greatest common factor of 25235046 and 126150?
5046
What is the greatest common divisor of 1064167767 and 27?
27
Calculate the highest common divisor of 29694 and 27169.
101
Calculate the greatest common divisor of 5415 and 3091243.
361
What is the highest common factor of 48768 and 27813?
381
Calculate the greatest common divisor of 1358 and 6688829.
679
What is the highest common divisor of 307555343 and 106?
53
What is the highest common divisor of 1897198 and 87446?
3802
Calculate the greatest common factor of 461727 and 5868.
9
What is the highest common factor of 700563 and 153024?
2391
Calculate the highest common factor of 87 and 961669.
29
Calculate the highest common factor of 775455853 and 87.
29
Calculate the highest common divisor of 2656581 and 498.
249
Calculate the highest common factor of 210 and 60136510.
70
Calculate the greatest common divisor of 52455176 and 712.
712
What is the highest common factor of 108 and 8132892?
12
Calculate the greatest common divisor of 207 and 27071.
23
Calculate the highest common factor of 94214 and 23472.
326
What is the greatest common divisor of 121302 and 1376642?
46
Calculate the highest common divisor of 10600 and 9085472.
424
What is the highest common divisor of 76 and 733828?
4
What is the highest common factor of 2115 and 112341327?
141
Calculate the highest common factor of 2895 and 100660115.
965
What is the greatest common factor of 9800 and 113302?
14
What is the highest common factor of 9072 and 828744?
168
Calculate the highest common divisor of 616 and 123958296.
616
Calculate the highest common divisor of 5030634 and 1584093.
5061
What is the greatest common divisor of 520 and 78932776?
104
What is the greatest common divisor of 20960 and 48664928?
4192
Calculate the highest common divisor of 488 and 8332783.
61
Calculate the highest common factor of 4093145 and 25.
5
What is the greatest common divisor of 2366 and 44537402?
182
Calculate the highest common divisor of 2 and 1560728.
2
Calculate the highest common divisor of 478 and 189348467.
239
What is the highest common factor of 2630 and 13310?
10
Calculate the highest common divisor of 484 and 12573748.
44
Calculate the greatest common factor of 53937255 and 45.
15
Calculate the highest common divisor of 46566 and 206622.
234
What is the highest common divisor of 69030 and 5945430?
1770
What is the greatest common factor of 758968 and 280?
56
What is the highest common factor of 42094 and 1535560?
26
Calculate the highest common divisor of 7386579 and 8769.
237
What is the greatest common factor of 23289 and 168504?
21
Calculate the highest common divisor of 58531512 and 6032.
3016
What is the highest common divisor of 88137854 and 1096?
274
Calculate the greatest common factor of 287082 and 5826510.
738
Calculate the greatest common factor of 2170948 and 506018.
1006
What is the highest common factor of 183137794 and 196?
98
What is the greatest common factor of 11472 and 9552?
48
What is the highest common divisor of 63 and 5618493?
9
What is the greatest common divisor of 8089 and 362?
1
Calculate the highest common factor of 24 and 2423118.
6
Calculate the greatest common divisor of 792 and 690602.
22
What is the greatest common factor of 831 and 95426223?
831
What is the greatest common divisor of 185262 and 32802?
462
What is the highest common factor of 645 and 509034?
129
Calculate the greatest common factor of 29911690 and 60.
10
What is the greatest common divisor of 2565654 and 13650?
546
What is the highest common factor of 204315 and 257?
257
Calculate the highest common factor of 1628664 and 77736.
1896
Calculate the highest common divisor of 135 and 1367365.
5
What is the greatest common divisor of 36 and 6535062?
18
Calculate the highest common divisor of 16470 and 8934670.
610
Calculate the highest common divisor of 486 and 146468979.
243
Calculate the highest common divisor of 2272159683 and 9.
9
What is the highest common factor of 54579254 and 2586?
862
Calculate the highest common factor of 5025306 and 3432.
858
What is the highest common factor of 7744 and 23517560?
968
What is the greatest common factor of 3904 and 1374757?
61
What is the highest common factor of 1939 and 132244?
7
What is the highest common divisor of 2003680 and 800?
160
What is the greatest common divisor of 36564 and 796356?
132
Calculate the greatest common divisor of 63682469 and 391.
23
Calculate the greatest common factor of 28 and 29401001.
7
What is the highest common divisor of 1100 and 316925950?
550
What is the highest common factor of 476782 and 65188?
758
What is the greatest common factor of 295 and 6804055?
5
Calculate the greatest common factor of 400 and 1024416.
16
What is the highest common divisor of 6832 and 84736?
16
Calculate the highest common divisor of 2188 and 371460042.
1094
Calculate the greatest common divisor of 2960 and 21064840.
1480
Calculate the highest common factor of 449673666 and 312.
78
Calculate the highest common divisor of 132574874 and 4794.
1598
Calculate the highest common divisor of 55769 and 145979.
31
Calculate the highest common divisor of 1550 and 31473525.
775
Calculate the highest common divisor of 1069004 and 2563.
233
Calculate the greatest common factor of 868 and 103913674.
62
What is the highest common factor of 582298 and 359718?
718
Calculate the highest common divisor of 281 and 56404568.
281
What is the greatest common factor of 16424820 and 612?
36
What is the greatest common factor of 916 and 15952369?
229
Calculate the highest common divisor of 2483 and 7501.
13
What is the greatest common divisor of 340365925 and 102?
17
Calculate the highest common divisor of 883428 and 5484.
12
What is the highest common divisor of 1944 and 790347780?
972
Calculate the highest common divisor of 6240 and 11266788.
156
Calculate the highest common factor of 251 and 9660488.
251
Calculate the highest common factor of 10167039 and 6696.
837
Calculate the highest common factor of 4518396 and 943740.
3852
What is the greatest common factor of 12172 and 74990260?
716
Calculate the highest common factor of 42468180 and 1740.
1740
What is the highest common factor of 441478 and 4757?
71
Calculate the greatest common divisor of 8504302 and 19434.
82
What is the greatest common factor of 176512500 and 360?
180
Calculate the highest common divisor of 192293 and 62.
31
What is the highest common factor of 2278 and 1018?
2
Calculate the highest common factor of 3456 and 1919968.
32
Calculate the greatest common divisor of 4355421 and 231.
21
Calculate the highest common factor of 99206 and 44.
2
What is the highest common factor of 199834 and 27716?
82
What is the greatest common divisor of 4045176 and 3306?
114
What is the greatest common divisor of 5 and 8973865?
5
Calculate the greatest common divisor of 106886 and 398.
2
Calculate the highest common divisor of 390370 and 3022020.
1030
What is the greatest common divisor of 26136 and 1727352?
2376
What is the greatest common factor of 5810742 and 860922?
1926
Calculate the greatest common divisor of 105228 and 547452.
1332
Calculate the highest common factor of 200040 and 111152226.
10002
What is the greatest common divisor of 106047 and 2943?
9
What is the greatest common divisor of 1752 and 25665924?
876
Calculate the highest common factor of 6520 and 1651640.
40
Calculate the highest common factor of 2769 and 3523.
13
Calculate the highest common divisor of 8788206 and 38346.
3486
What is the greatest common factor of 814 and 167518351?
407
Calculate the greatest common fac